se 16, what is -1e2454b + -5?
-1e24550
In base 16, what is -12 - -2309bbb?
2309ba9
In base 9, what is 5417636 + 4?
5417641
In base 8, what is -2 + -31602062?
-31602064
In base 12, what is -2 - 7232664?
-7232666
In base 4, what is 10 + -3011032302?
-3011032232
In base 15, what is -aa + bd2d?
bc73
In base 6, what is -235514 - -422?
-235052
In base 15, what is 1a9 + a8c2?
aa7b
In base 3, what is -100100102 - -222101?
-22101001
In base 2, what is -1010 - 10100111000000110011?
-10100111000000111101
In base 11, what is 1 + -1a4a9542?
-1a4a9541
In base 11, what is 1 + 10355488?
10355489
In base 8, what is -4 + -67252142?
-67252146
In base 2, what is 11010001011010011 - 1001100?
11010001010000111
In base 13, what is -354038 - 251?
-354289
In base 11, what is -445194 + -173?
-445357
In base 15, what is 53 - -4e66b?
4e6be
In base 4, what is -103311102132 - -33?
-103311102033
In base 16, what is -a + 177aae?
177aa4
In base 13, what is -21 + -57943?
-57964
In base 10, what is -40662022 - 4?
-40662026
In base 11, what is -66 + 2051364?
20512a9
In base 11, what is 1172 + 1a019?
20190
In base 11, what is 11 - -466857?
466868
In base 4, what is 20301121 - -31111?
20332232
In base 13, what is 288511 + 111?
288622
In base 2, what is -11 - 101001001100010100000?
-101001001100010100011
In base 7, what is 43213 + 134161?
210404
In base 3, what is -1011222 - -20020220?
12001221
In base 13, what is 2 - 16b9685?
-16b9683
In base 16, what is -5 - -6ea2d57?
6ea2d52
In base 8, what is 370217 - 3717?
364300
In base 11, what is a533 + -1804?
882a
In base 15, what is -35a58 + -b40?
-36698
In base 4, what is -13331302031022 - -3?
-13331302031013
In base 11, what is -85 - -229521?
229447
In base 12, what is 4 + 93050?
93054
In base 7, what is -3436033 + 21?
-3436012
In base 9, what is 4883815 - 2?
4883813
In base 7, what is -45245323 - 2?
-45245325
In base 8, what is -26124762 - -1?
-26124761
In base 9, what is -7744 + -106631?
-115475
In base 16, what is -3188e + b?
-31883
In base 13, what is 0 - -3a39b65a?
3a39b65a
In base 7, what is -136511230 + -1?
-136511231
In base 7, what is 53 + -56420034?
-56416651
In base 12, what is -1310 - -22923?
21613
In base 16, what is 403d85 - 5?
403d80
In base 6, what is -12450154 + -34?
-12450232
In base 14, what is -83a0 + 1150?
-7250
In base 6, what is 231 + -1245124?
-1244453
In base 13, what is 64 + 6145a?
614c1
In base 13, what is -1bb9cb2 - -3?
-1bb9cac
In base 10, what is -349435 + -1026?
-350461
In base 12, what is -16 + 7a65?
7a4b
In base 16, what is -581 + -1030?
-15b1
In base 16, what is -3c - 907a?
-90b6
In base 12, what is -3 + 4727261?
472725a
In base 6, what is 1 + 1120252341?
1120252342
In base 8, what is 134132460 + 11?
134132471
In base 10, what is 70503238 + 1?
70503239
In base 14, what is 51 - 1346d?
-1341c
In base 12, what is a70b77 - -206?
a71181
In base 7, what is -305366 + -12?
-305411
In base 12, what is 3 + b783758?
b78375b
In base 2, what is -1101100001111 + 10001001111000001?
1111100010110010
In base 7, what is -36 - -64401462?
64401423
In base 13, what is -32705b - -c?
-32704c
In base 7, what is 113156222 - -1?
113156223
In base 2, what is -11 - 1000000001110011110001101?
-1000000001110011110010000
In base 2, what is -111111001 + -100100011100101?
-100101011011110
In base 2, what is -10010110101001000101100 - 1?
-10010110101001000101101
In base 6, what is 31 - -44201401?
44201432
In base 6, what is 54234 - 1341?
52453
In base 4, what is 23002 - -32300101?
32323103
In base 3, what is 1111111100102 - 12020?
1111111011012
In base 9, what is -2 - -6641147?
6641145
In base 15, what is 4 + -6b5405a?
-6b54056
In base 9, what is -13 - -5307300?
5307276
In base 14, what is -58b0371 + 11?
-58b0360
In base 6, what is -1044432452 - 11?
-1044432503
In base 5, what is 1 + -1231340013?
-1231340012
In base 9, what is -2636724 - 25?
-2636750
In base 9, what is 111 - 1145333?
-1145222
In base 10, what is -261706451 + -2?
-261706453
In base 16, what is -1121 + -95f?
-1a80
In base 13, what is 0 - 594544?
-594544
In base 15, what is 445e4 + 5b?
44650
In base 11, what is 427 + -273225?
-2728a9
In base 11, what is 3 + 156779878?
156779880
In base 14, what is -168 + 7b3a?
79b2
In base 6, what is 241 - -2215420?
2220101
In base 5, what is 320 + -31024011?
-31023141
In base 12, what is b922 + -356b?
8373
In base 10, what is -303649599 + -3?
-303649602
In base 4, what is -220303323 + -1031?
-220311020
In base 15, what is -475e + -1c34?
-6493
In base 4, what is 3133020120022 - 2?
3133020120020
In base 13, what is -81 - b81a3?
-b8254
In base 16, what is 76d - 198db?
-1916e
In base 5, what is -3324011 + -1020313?
-4344324
In base 2, what is -101110100001 - -101110010100?
-1101
In base 8, what is -7371531 - 72?
-7371623
In base 12, what is 705b + 2654?
96b3
In base 5, what is -211200 + 320223?
104023
In base 7, what is 116 + 145345310?
145345426
In base 16, what is -fea7 - -143?
-fd64
In base 11, what is 9032787 + 7?
9032793
In base 13, what is -7352b + 2a?
-73501
In base 15, what is 6535c + -74e?
64b0d
In base 3, what is -1211121220 + -20?
-1211122010
In base 15, what is 4a3c - 1ed?
483e
In base 10, what is -3 + 417504374?
417504371
In base 16, what is 144 - -3393?
34d7
In base 6, what is -5041340 + 431?
-5040505
In base 7, what is 4003141144 + 2?
4003141146
In base 5, what is -1402230102 - -423?
-1402224124
In base 5, what is 1044142 - 24004?
1020133
In base 12, what is -2b1 - -2954?
2663
In base 7, what is -166325605 - 0?
-166325605
In base 13, what is -17633c - 3?
-176342
In base 4, what is -2230 + 2201121213?
2201112323
In base 7, what is 103 - -15160233?
15160336
In base 11, what is 77 + -190766?
-19069a
In base 16, what is -66cc + -2f?
-66fb
In base 16, what is -b981 - -6b4?
-b2cd
In base 14, what is -4d75 - -33c?
-4a37
In base 10, what is 492828 - 1?
492827
In base 2, what is 101111101100001 + -1000010101000?
100111010111001
In base 16, what is 956cb + -52?
95679
In base 15, what is dd636a - e?
dd635b
In base 4, what is -33 + -31213010213?
-31213010312
In base 7, what is -36443001 + 104?
-36442564
In base 16, what is 4 - 9f30ef7?
-9f30ef3
In base 14, what is -4a66a6 + 16?
-4a6690
In base 3, what is -21020222 - 100100011?
-121121010
In base 15, what is -2a46148 - -2?
-2a46146
In base 7, what is -205 - 104033502?
-104034010
In base 3, what is -112222200210020111 + -20?
-112222200210020201
In base 12, what is -140 + -6297?
-6417
In base 14, what is -27b3 + 2c6?
-24cb
In base 2, what is -11011010010001 + -1000100101101?
-100011110111110
In base 5, what is 110224023331 - -3?
110224023334
In base 16, what is 2243af7 - 5?
2243af2
In base 9, what is -425228 + -26?
-425255
In base 9, what is -548557382 - 1?
-548557383
In base 4, what is -1103201101 - 10000?
-1103211101
In base 8, what is 50527 - 42?
50465
In base 12, what is -184 - -31b3b7?
31b233
In base 5, what is -24310322 + -312?
-24311134
In base 3, what is -10200221112000000 - 11?
-10200221112000011
In base 9, what is -858 - -1565685?
1564726
In base 3, what is 20202201 - 11010110?
2122021
In base 15, what is 15408a5 + -3?
15408a2
In base 16, what is -21916d - ed?
-21925a
In base 2, what is 10000011110100100010011 - 100?
10000011110100100001111
In base 13, what is -8639978 - 6?
-8639981
In base 4, what is 330030332312 + 11?
330030332323
In base 15, what is -19 + -1d5d61?
-1d5d7a
In base 10, what is -9 + 48634071?
48634062
In base 16, what is -dd93aa5 + 5?
-dd93aa0
In base 10, what is 73380087 - 2?
73380085
In base 6, what is 1010131 + 21133?
1031304
In base 15, what is -d9470 - -157?
-d9318
In base 9, what is -3 - -464654701?
464654687
In base 3, what is -1201120102002202 - 1?
-1201120102002210
In base 16, what is -925eb24 + 3?
-925eb21
In base 11, what is -298a0 + -275a?
-3154a
In base 11, what is -1255711 + 24?
-1255698
In base 12, what is -22 - -15b2b?
15b09
In base 8, what is 214 - -33561?
33775
In base 11, what is 4 - -17a65199?
17a651a2
In base 16, what is 22b + -c876?
-c64b
In base 7, what is 14512213 + -2?
14512211
In base 6, what is -104520242 + 12?
-104520230
In base 16, what is -3a1d + 2042?
-19db
In base 5, what is -14 - -1032144113?
1032144044
In base 14, what is -14 + -b4cd2?
-b4d06
In base 10, what is 0 - -40740590?
40740590
In base 6, what is -3043253 - -1044?
-3042